-2)/4). What is the tens digit of 15/c + (-1 - 0)?
1
Let t(u) = 2*u**2 + 7*u + 11. Let m(a) = -a**2 - 3*a - 5. Suppose -8 = 5*f + 2. Let p(z) = f*t(z) - 5*m(z). What is the tens digit of p(3)?
1
Suppose -3*t = 4*q + 18 + 52, -t + 78 = -5*q. Let c = -9 - q. What is the units digit of c?
7
Let j(v) = v**3 - 5*v**2 + 10*v + 6. What is the hundreds digit of j(6)?
1
Suppose 2*w + 16 = -5*u, -u + 0 - 6 = -w. Let l be 1*u/(1/(-1)). Suppose -3*v + 6 = r - 25, 0 = 5*v - l*r - 63. What is the units digit of v?
1
Suppose -2*v = -4, m = -4*v + 6*v + 58. What is the units digit of m?
2
Let c be 15 + (2 - (2 + 0)). Let k(a) = a**3 + a**2 + a + 2. Let f be k(0). Suppose -f*b - 3*b = -c. What is the units digit of b?
3
Let k(c) = -4*c - 16. Let m(n) = n + 5. Let v(t) = 2*k(t) + 7*m(t). What is the units digit of v(-3)?
6
Let i be -2 + (27 + 0)/3. Suppose -2*d + 19 = -i. What is the tens digit of d?
1
Let a(z) = -z**3 + 4*z**2 + 5*z + 1. Let q = 25 - 21. What is the units digit of a(q)?
1
Suppose -8 = 2*y - 6*y. Suppose y*j = -3*j + 140. What is the tens digit of j?
2
Let t be 2/(-5) + 8/20. Suppose 2*v + f - 15 = t, 4*v - 3*f - 42 = -f. What is the units digit of v?
9
What is the units digit of (-2)/(-5) - (-504)/15?
4
Let h(t) be the second derivative of t**5/120 + t**4/2 - t**3/6 + 2*t. Let l(z) be the second derivative of h(z). What is the units digit of l(-5)?
7
Suppose 17*b + 34 = 18*b - 4*s, -10 = -2*s. What is the units digit of b?
4
Let f = -16 - -10. Let r be (0 + 9)*(-2)/f. Suppose 5*l = -r*n + 5*n - 28, 4*l - 10 = -2*n. What is the units digit of n?
9
Let q(r) = 7*r**2 + 6*r + 9. What is the units digit of q(-2)?
5
Let k(n) = -60*n**3 + 2*n**2 + 2*n + 1. Let f be k(-1). Suppose 4*i = -3*s + 48, -4*s - 3*i = -f + 4. What is the units digit of s?
2
Let p be 90/(-24) - (-2)/(-8). What is the tens digit of 8/((-7)/2 - p)?
1
Let d(l) be the first derivative of l**4/4 - 2*l**3 + 3*l**2/2 - 9*l + 1. Let f be (6/(-15))/(2/(-30)). What is the units digit of d(f)?
9
Let l(d) = d**3 - 7*d**2 - 9*d + 6. Let c be l(8). What is the units digit of c - (-1 - (2 + 20))?
1
Suppose 90 = 4*f + 5*a - 23, 4*f + 4*a - 116 = 0. What is the units digit of f?
2
What is the units digit of (-65)/(-7) - 14/49?
9
Suppose -v - 7 = 2*c, 5*c + 2*v - 6*v = -24. Let m = 10 + c. What is the units digit of m?
6
What is the units digit of 81/3*5 + 3?
8
What is the tens digit of 20*(-1)/10*-5?
1
Suppose -c - 2*j = -71, 0*c - 355 = -5*c + 4*j. What is the tens digit of c?
7
Let l = -7 + 44. What is the units digit of l?
7
Let s = 18 + -11. Let t = s + -1. Suppose -t*y + y = -35. What is the units digit of y?
7
Suppose -2*h + 25 = 3*i - 85, -192 = -5*i + h. What is the tens digit of i?
3
Suppose -3*l + 38 = -2*l. Suppose 2*m = 4*j + l, 4*j + j = -m + 54. What is the tens digit of m?
2
Let c = -10 - -13. Suppose -c*k + 52 + 20 = 0. What is the tens digit of k?
2
Suppose 2*z = -0*z + 2*l + 20, -l - 22 = -3*z. Suppose 0 = 2*x - z*x + 12. What is the units digit of x?
3
Let z = -23 - -27. Suppose -s - 3*s + z*k + 172 = 0, -3*k = 2*s - 106. What is the tens digit of s?
4
Let h be (-39)/9 - 1/(-3). Let x(a) = 5*a + 5. Let q be x(h). What is the units digit of (-8)/(-5) - 6/q?
2
Suppose -4*k - 4*l + 2 = -6, -l = 4*k - 17. Suppose -96 = -9*n + k*n. What is the units digit of n?
4
Suppose -n = -2*n + 20. Suppose 5*s + n = s. What is the units digit of (-1 - s) + 1 + 3?
8
Suppose -35 = -4*y + 5*i, -4*y - 4*i = -0 - 8. Suppose 100 = y*z - 0*z. What is the tens digit of z?
2
Let w = 43 + -32. What is the units digit of w?
1
Suppose -4*q - 1 + 7 = -p, -3*p + 12 = 3*q. Suppose -8 = -4*o + p*o. What is the units digit of o?
4
Suppose h = 2*h - 6. Suppose -3*z = k - 24, -4*z - h = -2*k - 28. What is the units digit of z?
7
Let j(g) be the first derivative of g**4/3 + 2*g**3/3 - 3*g**2/2 - 5*g + 2. Let k(c) be the first derivative of j(c). What is the tens digit of k(2)?
2
Suppose 5*z - 175 = -3*q + 2*q, 0 = -4*q - 20. Suppose z = 2*h + h. Let y = h - 7. What is the units digit of y?
5
Suppose 3*b - 22 = 14. What is the tens digit of b?
1
Let f = -6 - -1. Let l = f + 1. Let j(s) = s**2 + s - 2. What is the units digit of j(l)?
0
Let s(f) be the second derivative of -f**4/12 - f**3/6 + f**2/2 + 2*f. Let l(c) = -2*c**2 - 6*c + 5. Let k(t) = l(t) - 4*s(t). What is the units digit of k(1)?
1
Let f(c) = 2*c**3 - 2*c**2 + 3. What is the units digit of f(2)?
1
Let y(n) be the second derivative of -n**4/12 - 7*n**3/6 - 6*n. What is the units digit of y(-5)?
0
Let g(x) = -x. Let m(o) = -16*o - 1. Let l(v) = 3*g(v) - m(v). What is the units digit of l(1)?
4
Let i(q) be the first derivative of q**3/3 - q**2 + 4*q - 3. Let f be i(6). What is the tens digit of 1/(-4) - (-399)/f?
1
Let y be (-5 + 2)/(-1 + 2). Let b(m) = -m - 4. Let n be b(y). What is the units digit of (-8)/(-3) - n/3?
3
Suppose 4 = 3*f - a + 1, -3*a = 9. Suppose -79 + 31 = -4*g - 5*r, -3*r = f. What is the tens digit of g?
1
Suppose -15*z + 45 = -915. What is the units digit of z?
4
Let m(h) = -h**3 - 9 - 3*h - 3*h**2 + 2 - 5*h**2 - 5. What is the tens digit of m(-8)?
1
Let i be 44/16 + (-2)/(-8). Suppose 0 = -h + 5*u + 23, -i*h - 8 = h + 5*u. Suppose -2*a - 2*t = t - 11, h*t = 2*a - 29. What is the units digit of a?
0
Let x(i) = i**3 + 13*i**2 + 13*i + 10. Let j be x(-12). Let u(w) = -22*w. What is the units digit of u(j)?
4
Let x be (-50)/15*6/(-4). Suppose x*q = 135 - 25. What is the units digit of q?
2
Let j(u) = -u**2 - 8*u + 2. Let y(b) = -b - 8. Let w be y(-4). Let c be j(w). Suppose 4*k - 6*k + 3*q + c = 0, q = -4*k + 8. What is the units digit of k?
3
Let r(b) = 6*b - 1. Let n be r(1). Suppose -4*h = -n*z - 11, -3*h - 13 = 3*z + h. Let o = z - -4. What is the units digit of o?
1
What is the tens digit of -1 - (-5 + (4 - 92))?
9
Let y(i) = 9*i**2 - 2*i + 1. Suppose -6*o = -7 + 1. What is the units digit of y(o)?
8
Let m = 25 + -11. What is the units digit of m?
4
Let h = -2 + 7. Let u(l) = 2*l + 4. What is the units digit of u(h)?
4
Let g(o) = 11*o + 8. What is the units digit of g(7)?
5
What is the tens digit of 72 - 0/(-2 - 3)?
7
Let h(z) = 5*z**2 - z + 7. What is the units digit of h(-6)?
3
Let l(g) = g - 1. Let k be l(6). Suppose -p + 3*o = -18, -k*o + 1 = 6. What is the tens digit of p?
1
Let k(w) = -6*w**2 - w. Let i = 0 + -1. Let y be k(i). Let g = y + 6. What is the units digit of g?
1
Suppose 0 = a + a - 32. Suppose d - a = -2. What is the tens digit of d?
1
Let f(v) be the first derivative of -1/3*v**3 - 3*v + 2 - 3*v**2. What is the units digit of f(-5)?
2
Let r(i) = -i**3 + 6*i**2 - 4*i - 1. Let l be r(4). Suppose -3*s + 15 = 0, -b + 3*b = -5*s + 35. What is the units digit of b*(27/l - 1)?
4
Suppose p - 3 = 0, 0 = -2*w - 4*p - 50 + 184. What is the units digit of w?
1
Let f(c) = 11*c**2 + 27*c + 5. Let o(y) = -5*y**2 - 13*y - 3. Let k(v) = -2*f(v) - 5*o(v). What is the units digit of k(-5)?
5
Let n = 38 + -12. What is the tens digit of n + 7/(28/(-8))?
2
Suppose 5*w - 454 = 301. What is the hundreds digit of w?
1
Let f(u) = -u - 6. Let r be f(-6). Suppose k - 19 + 1 = r. What is the units digit of k?
8
Let v = -11 + 16. Let c be (-2)/((-1)/(-3)*-2). Suppose -c*h + 14 = v. What is the units digit of h?
3
Let w(c) = -109*c**3 - c**2 - c + 1. Let g be w(1). Let u = -25 - -17. What is the tens digit of g/u + 2/8?
1
Let q be (-5 + 3)*(-1)/1. Let y be (q/3)/(2/(-3)). What is the units digit of y/((-2)/(-2)*-1)?
1
Suppose 3*m = 7*m - 3*h + 215, 2*h - 106 = 2*m. Let b = m - -99. Suppose 4*l - 5 = 5*o - b, 3*o - 10 = -4*l. What is the units digit of o?
6
Suppose -v + 0*v + 4*y = -65, -3*v + 222 = -3*y. What is the tens digit of v?
7
Let a be 3 + 1 - (-2)/(-1). Let d be (4 - -8)*2/4. Suppose -a*w = -4*h - 6, w + 0 = -h + d. What is the units digit of h?
1
Let y(t) be the first derivative of 1 + 3*t**2 - 2*t - 1/3*t**3. What is the units digit of y(3)?
7
Let o(n) = -5*n + 1. Let w be 1/(-3) + (-32)/12. Let p be o(w). What is the units digit of (-4)/p + 9/4?
2
Let l(t) = 5*t**2 - 4*t - 21. Let m(n) = n**2 - n - 4. Let i(k) = 2*l(k) - 11*m(k). What is the units digit of i(2)?
4
Suppose 3 - 11 = 4*x. What is the tens digit of (-5 - -1)/(x/5)?
1
What is the hundreds digit of (-18)/24 + 543/8*2?
1
Let h be 0 + 3/((-3)/(-4)). Suppose 3*u = -7